+ -19 - (-2 - -7)
-7
Calculate (-1 - -2) + (-7 - (7 - 14)).
1
-13 + (3 - (6 - 12))
-4
What is the value of -7 + 1 + 4 + -3?
-5
-4 + (25 - 11) - 14
-4
What is 6 + 1 - (22 - 17)?
2
-1 - (-1 + (5 - 6) + -2)
3
1 + -2 + (17 - 9) + -2
5
What is (10 - 9) + (1 + 0 - 2)?
0
Calculate (-2 - -3) + -8 + 5.
-2
What is the value of 10 - 8 - (1 + 4)?
-3
What is the value of -2 - (0 + 4) - (-4 + 3)?
-5
Evaluate 0 + 3 - (5 - (-1 + -2)).
-5
What is 4 + -4 - (6 + -2)?
-4
(1 + 0 - -1 - 3) + -2
-3
0 + -6 - (-19 - -8)
5
Calculate -4 + 3 + (1 - (-3 + 5)).
-2
What is the value of 6 + (3 - (-3 - -4)) - 5?
3
What is (9 - (10 - 2)) + 6?
7
-10 - -11 - (-1 + 0 - 4)
6
Calculate -1 + -2 + 5 + -7.
-5
Evaluate 1 - (-1 - 2 - 0).
4
What is the value of 5 + -5 + 2 + 0 - 0?
2
Evaluate -1 + (-5 - (-5 - 4)).
3
What is -1 + -1 - (0 + -6 + 4)?
0
What is (2 - 2) + 4 - 7?
-3
What is 2 - ((-2 - (0 + -4)) + -3)?
3
Calculate 0 + -1 + -87 + 90.
2
(-7 + 4 + -2 - -2) + 0
-3
What is -1 - (-4 + 4) - 0?
-1
11 - 6 - ((-6 - -2) + 4)
5
-17 + 5 + (-16 - -17)
-11
What is 0 - (3 + (0 - 0 - -1))?
-4
-3 + (1 - -3) + (6 - 8)
-1
What is the value of 10 + -3 - (5 + 2)?
0
What is the value of 3 + 4 + -1 + -3?
3
(-20 - -7) + (6 - 3)
-10
What is -4 - (-10 - (4 + -8))?
2
-4 + 12 + -11 - (0 - 1)
-2
Evaluate 5 + (-9 - -2) + -1.
-3
Evaluate 7 + (9 - 20) + 12.
8
(-4 - 10) + 27 - 6
7
What is -101 + 114 - (6 - (1 + -1))?
7
Calculate 2 - (0 + -1 + 2).
1
Evaluate -1 + 11 + 2 + -7 + -5.
0
-9 + 4 + -4 + 8
-1
Calculate -4 + 5 + 7 + -7 + -4.
-3
Calculate 0 - (4 + 5 + -8).
-1
What is the value of 4 + (1 - 2) - (-170 - -168)?
5
What is the value of -17 + 7 + 12 + -8?
-6
-4 - (12 + -9 - (0 - -1))
-6
Evaluate (-3 - (3 + -5)) + 3 + 4.
6
What is the value of -2 + 1 + (-3 - (1 + -3))?
-2
Evaluate (-5 - -6) + 0 - 4.
-3
What is the value of 2 + -7 - (-3 - -3 - 4)?
-1
What is the value of -4 + 5 + -2 - (9 + -10)?
0
What is the value of 1 - (1 - (4 - 2))?
2
Calculate 4 - 7 - (-6 - -1).
2
What is the value of -3 - (3 + (-1 - 1))?
-4
What is (-2 - -7) + 0 + -9 + 6?
2
Calculate 3 + -4 - -1 - (3 - 0).
-3
(-6 - -5) + (2 - -1)
2
What is the value of (6 - 12 - -7 - 8) + 2?
-5
Calculate -6 + 4 + (2 - 0).
0
Calculate 0 - (-1 - -2 - (-8 - -11)).
2
-8 - -18 - 18 - -17
9
What is -7 - -4 - -5 - 2?
0
What is 6 + (-2 - (-10 + 8))?
6
What is the value of (2 - -4) + -4 - 0?
2
Evaluate 0 + -1 - (7 + -11 + 4).
-1
-3 + -1 + 4 - (2 + -5)
3
Evaluate 8 - (5 - -7 - 5).
1
Evaluate 0 + 2 - (5 + -12 + 6).
3
What is the value of 1 + (-4 - (1 + -5))?
1
What is the value of (-10 - -17) + 0 - (1 + 10)?
-4
What is the value of -11 + 3 + 43 + -36?
-1
Calculate (4 - (-8 - -14)) + (8 - 3).
3
What is the value of -13 + (22 - 10 - 1)?
-2
Evaluate (-1 - 1) + (2 - (-3 - 1)).
4
Evaluate -8 + 8 + -6 + 9.
3
What is the value of -2 + -2 - (-11 + 13 - 1)?
-5
Evaluate -3 - (-6 + 0 + 2).
1
What is (-3 - -16) + -9 + -10?
-6
Evaluate 1 + -8 + 8 + 5.
6
(-14 - -17) + (0 - (-4 + 11))
-4
Evaluate 7 + -3 + (-1 - (0 + 6)).
-3
What is the value of 3 + 0 + -5 + (0 - 2)?
-4
What is (3 - 1) + (7 - 6)?
3
Evaluate 14 - (12 + 1) - (8 + -1).
-6
Evaluate 4 - -1 - (99 - 94).
0
What is 3 - (-3 - (1 + -2) - -3)?
2
What is the value of -2 - (-3 + 3 + -1)?
-1
Calculate -3 + 1 + 2 - (12 + -15).
3
Evaluate -9 - 2 - (-15 - -8).
-4
128 - 136 - ((-2 - 0) + -1)
-5
Calculate 0 - (-2 + 5) - (-2 - 1).
0
-13 + (-7 - -14) + 1 + 6
1
What is 1 - 1 - ((11 - 19) + 0)?
8
What is the value of -3 + -3 + 3 - 1?
-4
What is (34 - 36) + (1 - -2) - -2?
3
Calculate 2 - 5 - (-40 - -41).
-4
Calculate 0 + (0 + 2 - 0).
2
Evaluate 13 + (-23 - -8) + (0 - 4).
-6
What is -10 - -11 - (0 + -2)?
3
Evaluate 4 - (5 + -2) - 5 - -7.
3
Evaluate -2 + 1 + (6 - 5 - 0).
0
What is (3 - 18 - -4) + -14 + 20?
-5
Calculate 6 - (1 + -7 + 12).
0
What is -3 + (4 - 2) - 3?
-4
Evaluate 2 - (-5 - -1) - (6 + -1).
1
Evaluate -3 + -1 - (-6 - (-6 + 1)).
-3
What is the value of 2 - ((1 - 1) + 0 + 1)?
1
What is the value of (1 + 3 - 0) + 2 + 5?
11
Evaluate 7 + (2 + -2 - (-4 + 7)).
4
What is the value of -5 - (-4 + 3 + 9 + -15)?
2
(1 - 5) + 6 + -1
1
What is 4 - ((-1 - 0) + -9 + 8)?
6
Calculate 4 + 0 - (67 + -63).
0
What is the value of -6 + (-7 - -10) + 1?
-2
What is the value of (-9 + 16 - (-2 - -1)) + -1?
7
What is the value of 12 + -1 - (22 - 14)?
3
What is 0 - -4 - (11 - (-1 - -4))?
-4
Calculate (-8 + 4 - 1) + 1 - -3.
-1
What is 0 - 3 - (-4 + 5)?
-4
7 - ((14 - -2) + -6)
-3
Calculate 2 + 2 + -1 + 2.
5
What is the value of -1 + (-2 - (1 + (5 - 7)))?
-2
Evaluate 0 + (5 - 1) + (-3 - 0).
1
Calculate 4 - ((-4 - -1) + 4).
3
What is the value of 7 + (6 + (-1 - -2) - 21)?
-7
Calculate (-1 + 5 + -6 - 5) + 3.
-4
0 + 3 + (-12 - -7) + 0
-2
Evaluate 0 + -3 + (0 - 6) + 12.
3
Evaluate -5 + 2 - (-6 + 12 + -9).
0
Evaluate 1 + (-1 - (1 + (-1 - -2))).
-2
What is (1 - (-3 - -7)) + 1?
-2
What is -6 + -6 - -11 - 1?
-2
What is 1 + -5 + 9 + -5?
0
2 + 1 + -5 + 6
4
Calculate 0 - (-6 + 9 + -5).
2
(2 - 0) + -7 - (67 + -83)
11
Calculate (-2 - (2 + (-3 - 1))) + -3.
-3
-2 - -4 - 1 - 5
-4
Calculate 5 - ((-1 - -7) + 4).
-5
Calculate 0 + -3 + 3 + 2.
2
Evaluate 5 + -1 + (9 - 11) + -6.
-4
What is the value of (-2 - (2 - 6)) + 1?
3
Evaluate (0 - 0) + (-4 + 3 - -3).
2
Evaluate (-3 - -9) + -4 + -1 + 3.
4
Evaluate (-6 - 3) + 2 + 5.
-2
Evaluate 3 + -1 + -5 - 3.
-6
Evaluate 0 + -9 + (5 - -9).
5
Evaluate (-14 - -7) + 11 + -7.
-3
Evaluate -9 + (5 + -1 - 0).
-5
What is (-5 - 1) + -6 + -3 + 16?
1
What is -3 + -3 + -5 + 6?
-5
What is -1 + -5 + (-3 - -14) + -3?
2
Evaluate -10 - (-14 - (-7 + 4)).
1
Evaluate -3 - (-2 - 1 - 1 - 3).
4
Evaluate (-2 - 0) + 11 + -4 + -4.
1
(1 - -2) + -2 + (-3 - -3)
1
What is 1 - (12 + -18 + 14)?
-7
What is the value of -11 + (4 - -11 - 10)?
-6
Evaluate -6 + 2 + (-3 - -9) - -3.
5
-3 + 2 + -3 + -38 + 35
-7
3 + -2 + 2 + -2 + 2
3
Calculate -4 + -4 + 12 + -9.
-5
Calculate (5 - (5 - (-3 + 4))) + 4.
5
Evaluate 1 + 0 + 6 + -4.
3
What is (-13 - (-6 - 2)) + 5?
0
What is the value of 5 - (16 - (3 + 2 + 0))?
-6
What is -2 + (0 - 0 - 1)?
-3
What is (1 + -9 - -16 - 5) + -6?
-3
(-9 + 19 - 8) + (-1 - 5)
-4
Evaluate 0 + (2 + 2 + -4 - 2).
-2
Calculate -27 - -29 - (-1 - 0) - 2.
1
-2 + -6 - (-9 - -6)
-5
Evaluate 7 + (3 - (-10 + 7)) + -10.
3
What is 2 - 6 - -1 - (0 + 1)?
-4
What is the value of -4 + 1 - (-4 + -6 + 3)?
4
What is the value of 2 - (-3 + 0 + (0 - -7))?
-2
Calculate 2 - (-2 + 2) - 1.
1
What is -4 + (5 - (3 + -8 + 2))?
4
What is the value of (0 - (1 - -1)) + -2 + 5?
1
Calculate -1 + 0 - (0 - 4).
3
Evaluate -1 - ((-3 + 0 - -3) + 4).
-5
(1 - 3 - 1) + -1
-4
Calculate -5 - -6 - -3 - (5 - 1).
0
Evaluate 4 - (5 + 0 + 3).
-4
What is 0 - (4 - (3 - -1) - -1)?
-1
What is the value of -5 - -2 - (-7 - -2)?
2
What is the value of (5 + -3 - 1) + 2 + 2?
5
Evaluate 6 + 1 - 4 - 2.
1
What is (2 - (21 - 9)) + 5 + 2?
-3
What is the value of -2 + 2 + 3 + -7 + 2?
-2
What is the value of 4 + -22 + 14 + 0 + -2?
-6
-5 + (-4 - (5 - 3 - 14))
3
What is -6 - (3 + 2 + -10)?
-1
Calculate 4 - (1 - (0 - 3)).
0
What is 2 + 1 + 6 + -6 + -7?
-4
Calculate -5 + (0 - -1 - -1).
-3
What is the value of 2 - (5 - (-6 + 1)) - -4?
-4
What is 1 + -6 + 1 - (4 - 7)?
-1
(0 - (-2 + -1)) + (18 - 18)
3
2 + (-1 - 1) - 0
0
Calculate 7 + (-1 - 3) - (5 - 1).
-1
What is (-4 - 0) + (7 - 7) - 3?
-7
(17 - 17) + (-6 - -1)
-5
Calculate 2 + 3 + 1 + -3 + 1.
4
What is the value of 1 + 4 - (3 + (3 - -4))?
-5
Evaluate -7 - (6 + -1 + -19).
7
Evaluate 218 - 215 - (1 + (0 - 1)).
3
Calculate 0 + (-13 - -6) + 6.
-1
Calculate -3 - ((2 - 1) + -4).
0
-3 + -2 - (-5 - -2 - 7)
5
2 + (-2 - 2 - -5)
3
(0 - (-6 + 5)) + -2 - 3
-4
What is 0 - (4 - (7 + 4 + -7))?
0
Calculate 16 - 9 - (2 + 1).
4
What is 0 + 5 - 1 - 15?
-11
Evaluate (58 - 53) + -11 + 1 - -8.
3
Calculate 1 + -4 + (0 - (2 + -1)).
-4
(10 - 3 - 11) + 2
-2
Evaluate -6 - (-10 + 5 - -2).
-3
What is the value of 0 + -2 + (0 - 1 - -1)?
-2
Calculate -3 - (1 + -2 - 4).
2
Calculate 5 + 2 + -7 - (-5 - 0).
5
What is -6 + (5 + -10 - -13)?
2
Evaluate 2 + -5 + 3 - (-1 + -2).
3
What is the value of 127 + -120 - (-1 - -11)?
-3
-11 - (-5 - (-5 + 8 + -3))
-6
What is the value of 1 + -3 + 6 + -2?
2
Calculate -1 + 14 - (11 - 5).
7
Calculate (-1 - -2 - (6 + -6)) + 2.
3
3 + (2 - 1) - 0
4
(-2 - -2) + (-9 - (4 - 9))
-4
Evaluate (17 - (-15 - -35)) + (0 - -1).
-2
9 - (-1 + 8) - 5
-3
What is the value of 0 + (3 - -2) - 0?
5
What i